17?
17
Let h(m) = 4*m**2 - 9*m + 8. Let c be h(5). Let j = -1 - -8. What is the highest common factor of j and c?
7
Let c = 54 - 50. What is the highest common factor of c and 20?
4
Let y = 37 + -22. What is the highest common divisor of 135 and y?
15
Suppose -4*p + 5 + 3 = 0. Let i(f) = -f**2 - 9*f - 11. Let o be i(-8). Let r be (o/2 + 1)*-2. What is the greatest common divisor of p and r?
1
Suppose 2*z - c = 482, -5*z + c + 240 = -4*z. Suppose -5*u = -131 + 21. Calculate the highest common factor of u and z.
22
Suppose 5*z - 25 - 5 = 0. What is the greatest common factor of z and 36?
6
Let m = -3 + 3. Let r be 39 - (0 + m + 3). What is the greatest common divisor of 4 and r?
4
Suppose -9*s = -5*s. Let q = 4 - 1. Suppose s = q*l + 4*f - 40, 0 = -f - 1 + 2. What is the highest common factor of l and 12?
12
Suppose -10 = -4*x + 5*r + 14, -x + 15 = r. Suppose 4*q + 216 - 80 = 2*n, q = 4*n - 265. Suppose -y + n = 2*y. Calculate the highest common factor of y and x.
11
Suppose a = 4*a - 6. Let f(q) = q + 9. Let z be f(-3). What is the greatest common factor of z and a?
2
Suppose 3*l - 6 = 0, -u + 4*l - 6 = -1. Suppose r = -u*d + 5, d + 9 = 4*d - 3*r. Let k(y) = y - 1. Let b be k(d). What is the highest common factor of 1 and b?
1
Let o(f) be the second derivative of -f**3/6 - f**2/2 + 2*f. Let l be o(0). Let y be -2 - l - (0 - 25). What is the greatest common divisor of 8 and y?
8
Suppose v + o + 2 - 29 = 0, 0 = -4*v - 5*o + 103. Let h = 10 + -6. Let g be 32/(-6)*(-6)/h. Calculate the highest common divisor of g and v.
8
Suppose -5*i = 3*n - 44, -4*n = n - i - 92. Calculate the highest common divisor of n and 45.
9
Suppose 4*u + g + 0*g - 54 = 0, 0 = 3*u - 3*g - 48. Let k = u + -3. What is the highest common factor of k and 121?
11
Let c = 132 - 40. Calculate the greatest common divisor of 23 and c.
23
Let z(a) = a**3 - 2*a**2 - 3*a - 4. Let j(l) = l**2 - l - 1. Let t(p) = 3*j(p) - z(p). Let d be t(5). What is the highest common divisor of 5 and d?
1
Let p(y) = -y**3 - y**2 + y + 5. Suppose -b = -5*b. Let c be p(b). What is the greatest common divisor of 45 and c?
5
Suppose -1200 = -3*d - 2*d. Suppose 4*a - d = -4*p, 2*a + 2*p - 176 = -a. What is the greatest common factor of 8 and a?
8
Let a be 91 + -1 + 0 + 0. Let s be (-62)/(-8) + 15/(-20). Suppose 144 = s*m - 3*m. What is the highest common divisor of a and m?
18
Suppose 0 = 3*d - 2*w - 44, 0 = d + 4*d + 3*w - 67. Calculate the greatest common divisor of d and 35.
7
Let x = -51 - -58. What is the highest common divisor of 14 and x?
7
Let g be -1 + 2 + (-26)/1. Let w be 5/((-10)/134)*-1. Let r = g + w. Calculate the greatest common divisor of 28 and r.
14
Suppose 195 = 5*z - 50. Let i = -33 + z. Let u = 71 - 31. What is the highest common divisor of i and u?
8
Let g be (8/(-3))/(8/(-12)). Suppose -32 = g*h - 240. Suppose 2*k - 12 = -p + 1, 5*k + 52 = 4*p. What is the highest common factor of h and p?
13
Suppose 0*y + 8 = -y. Suppose 0 = 4*o + 5*p - 108, -2*o + o = -p - 18. Let l = o + y. What is the greatest common factor of l and 21?
7
Let u = -3 - -5. Suppose 17 = -z + u*z. Let y = -2 + z. Calculate the greatest common factor of y and 30.
15
Suppose -5*h + 183 - 63 = 0. What is the greatest common divisor of h and 36?
12
Let h = 51 + -25. Let s = h - 16. Calculate the greatest common divisor of 90 and s.
10
Let q be -224*1*1/(-1). Let o = 322 - q. What is the highest common factor of o and 14?
14
Let j be (-3)/9 + (-1)/(-3). Suppose 2*z - 2*k = 102, j = z - 6*z - k + 237. What is the highest common divisor of z and 12?
12
Suppose 5*h = j + 35, -4*h - 7 = 2*j - 49. Calculate the greatest common divisor of h and 1.
1
Let g = 32 + -8. Calculate the greatest common factor of g and 24.
24
Let u be ((-1)/(-3))/(3/45). Calculate the highest common divisor of 25 and u.
5
Suppose -5*b - 2*u = -6 - 228, 0 = 2*b + 2*u - 96. What is the highest common divisor of b and 46?
46
Let c = 1 - -7. Suppose 3*b + 11 = n - c, -76 = -4*n + 5*b. Calculate the greatest common divisor of 57 and n.
19
Suppose 3*w = 325 - 55. Suppose 4*k + 4*l = 2*k + w, 0 = -2*l + 10. Calculate the greatest common factor of k and 5.
5
Suppose 8*l = -298 + 1082. What is the greatest common factor of l and 147?
49
Suppose -5*d = -0*d - 20. Let y(i) = i + 14. Suppose 2*o - 16 = 3*o - 3*b, -2*b + 44 = -4*o. Let j be y(o). Calculate the highest common divisor of j and d.
4
Suppose 9 = 3*a, q + 2*a - 61 = 5*a. Calculate the highest common factor of 350 and q.
70
Let f = -12 + 28. What is the greatest common factor of f and 4?
4
Let c(y) = y + 3. Let l(w) = -3*w - 6. Let v(a) = -9*c(a) - 4*l(a). Let o be v(5). What is the greatest common divisor of 12 and o?
12
Let o = -102 - -157. Let l(b) = -b**3 + 6*b**2 + 10*b - 10. Let m be l(7). What is the highest common factor of o and m?
11
Let r(x) = -18*x. Let u be r(-2). Let h = 19 + -10. What is the greatest common factor of u and h?
9
Let x(m) be the third derivative of -23*m**4/24 - 5*m**3/6 - m**2. Let k be x(-5). What is the highest common factor of k and 11?
11
Let d be (-1 + 2)/1 + 13. Let r = 151 + -81. Calculate the greatest common divisor of r and d.
14
Let r = 37 + -21. Let a be (-5 + 2)/((-2)/r). Let u be (-54)/(-6) - (1 - 0)/1. What is the highest common divisor of a and u?
8
Suppose -2*d = -n - 236, -5*n = 4*d - 2*n - 462. Calculate the highest common divisor of d and 13.
13
Let u be (8/(-10))/(2/(-20)) - 3. What is the greatest common factor of 5 and u?
5
Let z(f) = -f + 2. Suppose 0*q + q = 0. Let o be z(q). Let t = 17 - -5. What is the greatest common factor of t and o?
2
Let t(q) = 3*q**3 - q. Let b be t(1). Suppose 4*u = 0, -b*u + 39 = -5*o - 61. Let v = 13 - o. What is the highest common divisor of 3 and v?
3
Suppose c = 5*d - 3*d + 16, -4*c + 78 = -d. Calculate the highest common factor of c and 5.
5
Let p be (-44)/66*(-225)/2. Calculate the greatest common factor of p and 60.
15
Let q = -6 + 7. Let t be 20*q - 1/(-1). What is the highest common divisor of 7 and t?
7
Let s = -25 + 70. Suppose 2*l = 3*r - s, 5*l - l + 45 = 3*r. Calculate the greatest common factor of 120 and r.
15
Let o(t) = -t**2 - 5*t - 1. Let u be o(-5). Let m be 28*(u/(-1))/2. Calculate the greatest common divisor of 70 and m.
14
Suppose 26 = r - 4*j, 5*j - 3*j + 28 = 3*r. Let b = 10 - r. Suppose -5*l - 45 = -b*p, 25 = 3*p - l - l. What is the highest common divisor of 15 and p?
5
Suppose 2*o + 4 = -2*o. Let x be (-348)/(-9) + o/(-3). Calculate the greatest common divisor of x and 13.
13
Suppose 3*i - 5*i = -12. Calculate the highest common divisor of i and 15.
3
Suppose 0 = 4*w + 3*d - 405, 426 = 4*w + 2*d + 24. Calculate the greatest common factor of w and 11.
11
Let z be 12/3 + 17 - 1. What is the highest common divisor of 5 and z?
5
Let n be (-1)/(-3) + 140/30. Calculate the greatest common factor of n and 10.
5
Let c = -27 - -38. Calculate the greatest common divisor of 88 and c.
11
Suppose -4*o + 37 = d + 4, -5*d + 21 = 4*o. Let v = 8 - 5. Suppose v*n + n - 12 = 0. Calculate the highest common factor of n and o.
3
Suppose -5*u + 0*u = -420. Let r = -30 + 76. Suppose -2*z - 3*z = -4*i + 23, 2*z - r = -3*i. What is the highest common divisor of i and u?
12
Suppose -44 - 46 = -2*h. Calculate the highest common divisor of 18 and h.
9
Suppose -f - 7 = -t, t + 4*t + 4*f = -10. Let d be ((-360)/(-100))/(4/(-5) - -1). What is the highest common factor of t and d?
2
Suppose 4*j = 3*d + 1, -2*d + 5*j - 10 = -0*d. Suppose -d*z - 52 = -4*a - 555, -2*z + 204 = -3*a. What is the greatest common divisor of 11 and z?
11
Let p = 50 + -110. Let i be (p/9)/(1/(-3)). Suppose 0*k - i = -k. Calculate the highest common factor of k and 60.
20
Let k = -80 + 95. What is the highest common factor of 40 and k?
5
Let g be 43 + (-4 - (2 - 2)). Calculate the greatest common divisor of 26 and g.
13
Let z(q) = -3*q**2 + 0*q**3 + 3 - q**3 + 2*q**2 + 0*q**3 + 3*q. Let y be z(-2). What is the highest common divisor of y and 7?
1
Let n(a) = -a - 2. Let h be n(-5). Let q be (2/h)/((-2)/(-48)). Calculate the greatest common factor of q and 8.
8
Let r(s) = -2*s - 6. Let p be r(-11). Calculate the highest common factor of p and 32.
16
Let l be 2*((-1)/7)/((-6)/399). Calculate the greatest common divisor of 38 and l.
19
Suppose 3*s = 3*